{"id":268,"date":"2021-01-08T18:51:30","date_gmt":"2021-01-08T17:51:30","guid":{"rendered":"https:\/\/www.honeymoon-world.com\/france\/?page_id=268"},"modified":"2021-01-08T18:51:30","modified_gmt":"2021-01-08T17:51:30","slug":"term-of-use","status":"publish","type":"page","link":"https:\/\/www.honeymoon-world.com\/france\/term-of-use\/","title":{"rendered":"Term of use"},"content":{"rendered":"<p>PLEASE READ THIS TERMS OF USE AGREEMENT (\u00ab\u00a0TERMS OF USE\u00a0\u00bb) CAREFULLY BEFORE USING THIS WEB SITE (THIS \u00ab\u00a0SITE\u00a0\u00bb). BY ACCESSING THIS SITE, YOU AGREE TO BE BOUND BY THESE TERMS OF USE. IF YOU DO NOT AGREE TO THE TERMS OF USE STATED BELOW, DO NOT ACCESS THIS SITE. HONEYMOON RESERVES THE RIGHT TO CHANGE THESE TERMS OF USE AT ANY TIME,AT ITS OWN DISCRETION AND WITHOUT NOTICE TO YOU ; HOWEVER, ALL SUCH CHANGES WILL BE POSTED TO THIS SITE. HONEYMOON ENCOURAGES YOU TO REVIEW THE TERMS OF USE FROM TIME TO TIME SO THAT YOU ARE AWARE OF ANY SUCH CHANGES.THE TERMS OF USE THAT ARE APPLICABLE TO YOU AT ANY GIVEN TIME ARE THE THEN-CURRENT TERMS OF USE. IN ADDITION, BY USING OR VIEWING THIS SITE, YOU ACCEPT ANY CHANGES TO THE TERMS OF USE.<\/p>\n<p>COPYRIGHT NOTICE<br \/>\nCopyright \u00a9 2007 Honeymoon, (\u00ab\u00a0honeymoon\u00a0\u00bb). All rights reserved. All text, images, graphics, animation, videos, music, sounds and other materials on this Web-site are subject to the copyrights and other intellectual property rights of Honeymoon and its licensors. Honeymoon owns the copyrights in the selection,coordination and arrangement of the materials on this Site. These materials may not be copied, reverse engineered, decompiled or disassembled for commercial use or distribution, nor may these materials be modified or reposted to other Web sites. Any unauthorized use of these materials will violate Honeymoon&rsquo; intellectual property rights.<\/p>\n<p>TRADEMARK NOTICE<br \/>\nHoneymoon&rsquo; trademarks, logos, and subsidiary names appearing in this Site, except as otherwise noted, are trademarks owned or used under license by Honeymoon or its affiliates. The use or misuse of these trademarks or any other content on this Site, except as provided in these Terms of Use is strictly prohibited. Nothing contained on the Site shall be construed as granting, byimplication, estoppel or otherwise, any license or right to use any Honeymoon trademark without Honeymoon&rsquo; prior written permission.<\/p>\n<p>LIMITED RIGHT TO USE<br \/>\nThe viewing, printing or downloading of any content, graphic, form or document from the Site grants you only a limited, nonexclusive, nontransferable license for use solely by you for your own personal use and not for republication, distribution, assignment, sublicense, sale, preparation of derivative works or other non-personal use. No part of any content, graphic, form or document may be reproduced in any form or incorporated into any information retrieval system, electronic or mechanical, other than for your personal use. Any password or right given to you to obtain information or documents is not transferable.<br \/>\nYou may not create a Web site that frames this Site or any trademark or proprietary information located on this Site without Honeymoon&rsquo; written permission. You may not use meta tags or any other type of hidden text utilizing Honeymoon&rsquo; or any of its affiliates&rsquo; names or trademarks on a Web site without Honeymoon&rsquo; written permission.<br \/>\nExcept for the limited rights expressly granted herein, all right, title and interest in and to the Site and all materials, software contained therein are reserved by Honeymoon, and, except as expressly granted herein, nothing contained in these Terms of Use or the Site shall be construed as conferring any right, title, interest or license with respect to the Site to you, by implication, estoppel or otherwise.<br \/>\nHoneymoon reserves the right to withdraw this limited license at any time.<br \/>\nAny copies you make of the materials (including by printing or by retaining electronic copies) for your personal use are subject to the following restrictions.<br \/>\nYou may not remove or disassociate from any of the materials any copyright or other proprietary notices contained in the materials;<br \/>\nYou may not modify, reproduce, display, perform, distribute, prepare derivative works from,or otherwise use the materials for any purpose not expressly permitted by these terms of use; and<br \/>\nYou may not transfer the materials to any other person unless you give them notice of, and they agree to accept, the obligations arising under these terms of use.<\/p>\n<p>MISUSE OF THE SITES<br \/>\nYou may not make any statements on, or provide or post any information to, a site that is defamatory, threatening, obscene, harassing, or otherwise unlawful, or that, without due authorization,incorporates the proprietary material of another.<\/p>\n<p>NO REPRESENTATION OR WARRANTY<br \/>\nWhile Honeymoon makes all reasonable efforts to ensure that all material on this site is correct, accuracy cannot be guaranteed and Honeymoon does not assume any responsibility for the accuracy,completeness or authenticity of any information contained in this Site. SOME JURISDICTIONS DO NOT ALLOW THE EXCLUSION OF IMPLIED WARRANTIES IN CERTAIN SITUATIONS, SO THE FOREGOING DISCLAIMER MAY OR MAY NOT APPLY TO YOU, EITHER IN WHOLE OR IN PART. THIS SITE AND ALL INFORMATION, CONTENT AND MATERIALS CONTAINED HEREIN ARE PROVIDED TO YOU \u00ab\u00a0AS IS,\u00a0\u00bb AND \u00ab\u00a0AS AVAILABLE,\u00a0\u00bb AND ALL WARRANTIES, EXPRESS OR IMPLIED, ARE HEREBY DISCLAIMED, INCLUDING ANY WARRANTY OF MERCHANTABILITY, NONINFRINGEMENT OR FITNESS FOR A PARTICULAR PURPOSE. NO INFORMATION OR ADVICE OBTAINED BY YOU FROM HONEYMOON THROUGH THE SITE SHALL CREATEANY WARRANTY, REPRESENTATION OR GUARANTEE NOT EXPRESSLY STATED HEREIN.<br \/>\nHONEYMOON DISCLAIMS ALL WARRANTIES THAT THE SITE WILL OPERATE ERROR-FREE, THAT DEFECTS WILL BE CORRECTED OR THAT THE SITE IS FREE OF VIRUSES OR OTHER HARMFUL COMPONENTS.THE AVAILABILITY OF THIS SITE CANNOT BE GUARANTEED. YOUR USE OF THIS SITE IS AT YOUR OWN RISK.<br \/>\nANY CONTENT DOWNLOADED OR OTHERWISE OBTAINED THROUGH THIS SITE IS PROVIDED AT YOUR OWN RISK, AND YOU ARE SOLELY RESPONSIBLE FOR ANY DAMAGE TO YOUR COMPUTER SYSTEMS OR DATA LOSS THAT MAY RESULT FROM SUCH USE OF THIS SITE, INCLUDING WITHOUT LIMITATION, DAMAGE RESULTING FROM COMPUTER VIRUSES.<\/p>\n<p>EDITING, DELETING AND MODIFICATION<br \/>\nHoneymoon reserves the right to modify, add or delete any documents, information, graphics or other content appearing on the Site at any time without notice.<\/p>\n<p>NO INTERRUPTION<br \/>\nYou agree not to interrupt or attempt to interrupt the operation of any site in any way.<\/p>\n<p>INDEMNIFICATION<br \/>\nYou agree to indemnify, defend and hold us and our dealers, partners, attorneys, staff and affiliates harmless from any liability, loss, claim and expense, including reasonable attorneys&rsquo; fees and expenses, related to your violation of these Terms of Use oryour use of the Site.<\/p>\n<p>TELEPHONE CONSUMER PROTECTION ACT AND SIMILAR LAW<br \/>\nYour use of a site establishes a business or other applicable relationship with us for purposes of the Telephone Consumer Protection Act or other applicable law that addresses unsolicited commercial communications. By accessing, or continuing to access, this site, you agree that we or our agents may call, e-mail, or otherwise communicate with you regarding promotion of the sale, lease, or exchange of goods, services, real property, or any other thing of value.<\/p>\n<p>SYSTEM INTEGRITY<br \/>\nYou will not knowingly use any hardware or software intended to damage or interfere with the proper working of the Site or to surreptitiously intercept any system, data or personal information from the Site. You will not knowingly take any action which imposes an unreasonable or disproportionately large load on the Site&rsquo; s infrastructure.<\/p>\n<p>COMPLIANCE WITH THE LAW<br \/>\nIn the performance and solicitation of transactions facilitated by the Site,you must comply with all applicable laws and regulations.<\/p>\n","protected":false},"excerpt":{"rendered":"<p>PLEASE READ THIS TERMS OF USE AGREEMENT (\u00ab\u00a0TERMS OF USE\u00a0\u00bb) CAREFULLY BEFORE USING THIS WEB SITE (THIS \u00ab\u00a0SITE\u00a0\u00bb). BY ACCESSING THIS SITE, YOU AGREE TO BE BOUND BY THESE TERMS OF USE. IF YOU DO NOT AGREE TO THE TERMS OF USE STATED BELOW, DO NOT ACCESS THIS SITE. HONEYMOON RESERVES THE RIGHT TO CHANGE [&hellip;]<\/p>\n","protected":false},"author":1,"featured_media":0,"parent":0,"menu_order":0,"comment_status":"closed","ping_status":"closed","template":"","meta":{"_et_pb_use_builder":"","_et_pb_old_content":"","_et_gb_content_width":"","footnotes":""},"class_list":["post-268","page","type-page","status-publish","hentry"],"yoast_head":"<!-- This site is optimized with the Yoast SEO plugin v25.1 - https:\/\/yoast.com\/wordpress\/plugins\/seo\/ -->\n<title>Term of use - Honeymoon World<\/title>\n<meta name=\"robots\" content=\"index, follow, max-snippet:-1, max-image-preview:large, max-video-preview:-1\" \/>\n<link rel=\"canonical\" href=\"https:\/\/www.honeymoon-world.com\/france\/term-of-use\/\" \/>\n<meta property=\"og:locale\" content=\"fr_FR\" \/>\n<meta property=\"og:type\" content=\"article\" \/>\n<meta property=\"og:title\" content=\"Term of use - Honeymoon World\" \/>\n<meta property=\"og:description\" content=\"PLEASE READ THIS TERMS OF USE AGREEMENT (\u00ab\u00a0TERMS OF USE\u00a0\u00bb) CAREFULLY BEFORE USING THIS WEB SITE (THIS \u00ab\u00a0SITE\u00a0\u00bb). BY ACCESSING THIS SITE, YOU AGREE TO BE BOUND BY THESE TERMS OF USE. IF YOU DO NOT AGREE TO THE TERMS OF USE STATED BELOW, DO NOT ACCESS THIS SITE. HONEYMOON RESERVES THE RIGHT TO CHANGE [&hellip;]\" \/>\n<meta property=\"og:url\" content=\"https:\/\/www.honeymoon-world.com\/france\/term-of-use\/\" \/>\n<meta property=\"og:site_name\" content=\"Honeymoon World\" \/>\n<meta name=\"twitter:card\" content=\"summary_large_image\" \/>\n<meta name=\"twitter:label1\" content=\"Dur\u00e9e de lecture estim\u00e9e\" \/>\n\t<meta name=\"twitter:data1\" content=\"6 minutes\" \/>\n<script type=\"application\/ld+json\" class=\"yoast-schema-graph\">{\"@context\":\"https:\/\/schema.org\",\"@graph\":[{\"@type\":\"WebPage\",\"@id\":\"https:\/\/www.honeymoon-world.com\/france\/term-of-use\/\",\"url\":\"https:\/\/www.honeymoon-world.com\/france\/term-of-use\/\",\"name\":\"Term of use - Honeymoon World\",\"isPartOf\":{\"@id\":\"https:\/\/www.honeymoon-world.com\/france\/#website\"},\"datePublished\":\"2021-01-08T17:51:30+00:00\",\"breadcrumb\":{\"@id\":\"https:\/\/www.honeymoon-world.com\/france\/term-of-use\/#breadcrumb\"},\"inLanguage\":\"fr-FR\",\"potentialAction\":[{\"@type\":\"ReadAction\",\"target\":[\"https:\/\/www.honeymoon-world.com\/france\/term-of-use\/\"]}]},{\"@type\":\"BreadcrumbList\",\"@id\":\"https:\/\/www.honeymoon-world.com\/france\/term-of-use\/#breadcrumb\",\"itemListElement\":[{\"@type\":\"ListItem\",\"position\":1,\"name\":\"Accueil\",\"item\":\"https:\/\/www.honeymoon-world.com\/france\/\"},{\"@type\":\"ListItem\",\"position\":2,\"name\":\"Term of use\"}]},{\"@type\":\"WebSite\",\"@id\":\"https:\/\/www.honeymoon-world.com\/france\/#website\",\"url\":\"https:\/\/www.honeymoon-world.com\/france\/\",\"name\":\"Honeymoon World\",\"description\":\"L&#039;art de vivre en plein air - Gaz\u00e9bo, mobilier d&#039;ext\u00e9rieur, cuisine d&#039;\u00e9t\u00e9\",\"potentialAction\":[{\"@type\":\"SearchAction\",\"target\":{\"@type\":\"EntryPoint\",\"urlTemplate\":\"https:\/\/www.honeymoon-world.com\/france\/?s={search_term_string}\"},\"query-input\":{\"@type\":\"PropertyValueSpecification\",\"valueRequired\":true,\"valueName\":\"search_term_string\"}}],\"inLanguage\":\"fr-FR\"}]}<\/script>\n<!-- \/ Yoast SEO plugin. -->","yoast_head_json":{"title":"Term of use - Honeymoon World","robots":{"index":"index","follow":"follow","max-snippet":"max-snippet:-1","max-image-preview":"max-image-preview:large","max-video-preview":"max-video-preview:-1"},"canonical":"https:\/\/www.honeymoon-world.com\/france\/term-of-use\/","og_locale":"fr_FR","og_type":"article","og_title":"Term of use - Honeymoon World","og_description":"PLEASE READ THIS TERMS OF USE AGREEMENT (\u00ab\u00a0TERMS OF USE\u00a0\u00bb) CAREFULLY BEFORE USING THIS WEB SITE (THIS \u00ab\u00a0SITE\u00a0\u00bb). BY ACCESSING THIS SITE, YOU AGREE TO BE BOUND BY THESE TERMS OF USE. IF YOU DO NOT AGREE TO THE TERMS OF USE STATED BELOW, DO NOT ACCESS THIS SITE. HONEYMOON RESERVES THE RIGHT TO CHANGE [&hellip;]","og_url":"https:\/\/www.honeymoon-world.com\/france\/term-of-use\/","og_site_name":"Honeymoon World","twitter_card":"summary_large_image","twitter_misc":{"Dur\u00e9e de lecture estim\u00e9e":"6 minutes"},"schema":{"@context":"https:\/\/schema.org","@graph":[{"@type":"WebPage","@id":"https:\/\/www.honeymoon-world.com\/france\/term-of-use\/","url":"https:\/\/www.honeymoon-world.com\/france\/term-of-use\/","name":"Term of use - Honeymoon World","isPartOf":{"@id":"https:\/\/www.honeymoon-world.com\/france\/#website"},"datePublished":"2021-01-08T17:51:30+00:00","breadcrumb":{"@id":"https:\/\/www.honeymoon-world.com\/france\/term-of-use\/#breadcrumb"},"inLanguage":"fr-FR","potentialAction":[{"@type":"ReadAction","target":["https:\/\/www.honeymoon-world.com\/france\/term-of-use\/"]}]},{"@type":"BreadcrumbList","@id":"https:\/\/www.honeymoon-world.com\/france\/term-of-use\/#breadcrumb","itemListElement":[{"@type":"ListItem","position":1,"name":"Accueil","item":"https:\/\/www.honeymoon-world.com\/france\/"},{"@type":"ListItem","position":2,"name":"Term of use"}]},{"@type":"WebSite","@id":"https:\/\/www.honeymoon-world.com\/france\/#website","url":"https:\/\/www.honeymoon-world.com\/france\/","name":"Honeymoon World","description":"L&#039;art de vivre en plein air - Gaz\u00e9bo, mobilier d&#039;ext\u00e9rieur, cuisine d&#039;\u00e9t\u00e9","potentialAction":[{"@type":"SearchAction","target":{"@type":"EntryPoint","urlTemplate":"https:\/\/www.honeymoon-world.com\/france\/?s={search_term_string}"},"query-input":{"@type":"PropertyValueSpecification","valueRequired":true,"valueName":"search_term_string"}}],"inLanguage":"fr-FR"}]}},"_links":{"self":[{"href":"https:\/\/www.honeymoon-world.com\/france\/wp-json\/wp\/v2\/pages\/268","targetHints":{"allow":["GET"]}}],"collection":[{"href":"https:\/\/www.honeymoon-world.com\/france\/wp-json\/wp\/v2\/pages"}],"about":[{"href":"https:\/\/www.honeymoon-world.com\/france\/wp-json\/wp\/v2\/types\/page"}],"author":[{"embeddable":true,"href":"https:\/\/www.honeymoon-world.com\/france\/wp-json\/wp\/v2\/users\/1"}],"replies":[{"embeddable":true,"href":"https:\/\/www.honeymoon-world.com\/france\/wp-json\/wp\/v2\/comments?post=268"}],"version-history":[{"count":1,"href":"https:\/\/www.honeymoon-world.com\/france\/wp-json\/wp\/v2\/pages\/268\/revisions"}],"predecessor-version":[{"id":269,"href":"https:\/\/www.honeymoon-world.com\/france\/wp-json\/wp\/v2\/pages\/268\/revisions\/269"}],"wp:attachment":[{"href":"https:\/\/www.honeymoon-world.com\/france\/wp-json\/wp\/v2\/media?parent=268"}],"curies":[{"name":"wp","href":"https:\/\/api.w.org\/{rel}","templated":true}]}}